ue of 23 + (-34 - (-12 + -26))?
27
What is (-1 - 5) + (-7 - (-1 - 9) - 8)?
-11
What is the value of -3 - 2 - (-10 + 0 + 9) - -12?
8
What is (-8 - -2) + (-303 - -324) + (-2 - 37)?
-24
Evaluate 8 - (10 - 6 - 5).
9
What is ((3 - 0) + -1 - (330 + -325)) + -7?
-10
What is the value of (3 + -29 - -19) + 10?
3
Evaluate -16 - -2 - (124 + -149).
11
-26 + 16 + (-13 - (8 + 1 + -14))
-18
Evaluate -5 + 7 + (10 - 13) + 21.
20
18 - (-8 - -2) - (-25 + 32)
17
-8 + (5 - (8 + -7)) + (-33 - -45)
8
-19 - (-15 - (-11 + 9 - 8))
-14
Calculate -10 - -35 - (-2 - ((10 - -6) + -7)).
36
Evaluate -13 + -3 + 16 - -7.
7
-16 - (-12 + 28) - -31
-1
Calculate 0 + 2 + (-10 + -9 - -13).
-4
Evaluate -1 + 2 + -251 + 242 + -1 + 7.
-2
15 + -70 + (37 - -3)
-15
What is 2 + (-3 - -1) - (42 + -67 + 9)?
16
What is 84 + -68 + 28 + -18?
26
46 + 14 + -80 - (-1 - -2)
-21
What is 1 - 2 - (-9 - (-14 - 0))?
-6
Calculate 14 - (-4 + 6 + 14).
-2
Evaluate 7 + 8 + -4 + -7 + 1 + 6.
11
What is the value of 7 + (-35 - (-10 + -1)) - 13?
-30
Evaluate 9 + -2 + 1 + (-336 - -349).
21
Evaluate 330 - 278 - (32 + -1).
21
2 + (0 - -4) - (-5 + -1)
12
Evaluate -19 - (-20 + (-13 - -37)).
-23
Evaluate (-2 + 14 - 8) + 8 + 3.
15
Evaluate -17 - (10 + -3 + 5).
-29
What is the value of (0 + 1 - 7) + 21 + -3?
12
Evaluate -2 + 17 + 15 + 6 + -1 + 1.
36
Calculate -4 + 3 - (-7 + (0 - 2 - -4)).
4
What is (1 + -3 - -1) + -1 + 5?
3
What is 4 + (-13 - (-18 - 2))?
11
Calculate (7 - 1) + 6 + -11 + 13 + 2.
16
Evaluate -5 + -8 + (-17 - (4 - 26)).
-8
What is the value of (-21 - -19) + (-4 + 9 - 1)?
2
Evaluate 30 + -27 + 0 + -6 - (108 - 90).
-21
What is 16 + -7 - 15 - -24?
18
What is 0 + -4 - -24 - (120 + -119)?
19
Evaluate 13 + (55 - 43) - 9.
16
Evaluate 262 + -258 - (23 + 3 - 2).
-20
Evaluate -8 - -19 - 24 - 1 - 0.
-14
What is -8 + (-9 - (10 - 31)) - (3 + -4)?
5
-6 - (-15 - -3 - -8)
-2
-5 + 12 + -12 + (7 + -2 - 10)
-10
Calculate -160 + 130 + 11 + 2.
-17
Evaluate -10 + (-1 - -24) + 1 + -8.
6
What is ((-4 - -1) + -7 - 5) + 1?
-14
What is -20 + 10 + 24 - 10 - 7?
-3
What is -6 + 21 + 4 - (11 + -5)?
13
(306 - 300) + 0 + -17
-11
Evaluate 5 + 1 + (-9 - -5) - (-5 + 8).
-1
(17 - 18) + 13 + (3 + -1 - 2)
12
What is -33 + (56 - (17 - -5))?
1
(-1 + -2 - 2) + (-201 - -208) - 14
-12
What is -3 + -1 - (-1 + -1 + -12)?
10
Calculate -1 + -10 + 0 - -8 - -5.
2
What is the value of -58 + 19 + 40 - (2 + 0 + -5)?
4
What is -17 - (-12 - 3) - (2 + -28) - -5?
29
What is the value of -21 - (18 + (-17 - 19)) - -30?
27
What is the value of -8 + -2 - (11 - (27 + -16))?
-10
-38 + 9 + (44 - 31)
-16
Evaluate 0 + (3 - 1) + -3 + 8.
7
Calculate -3 - -10 - (2 - (8 + -15)).
-2
What is 9 + (-10 - -10) + 7 + -3?
13
22 - 1 - (-54 + 52)
23
Evaluate 10 + 11 + -23 + (0 - 0).
-2
Calculate (53 - (40 + -21)) + -16.
18
What is -3 + -2 + 2 + 3 + -19?
-19
What is the value of -76 + 76 - ((0 - (1 + -5)) + 2)?
-6
Calculate (12 + (-24 - -11) - (-11 - 2)) + 25.
37
What is the value of -2 - (4 + -5) - (-2 + (0 - -1))?
0
What is (-3 - -2 - -3) + 61 + -56 + -20?
-13
Calculate (11 - 1) + 22 + -7 + -38.
-13
What is the value of 8 + 21 - ((-9 - -13) + 7)?
18
21 + 11 + (-9 - 18)
5
What is the value of -25 - (5 - (8 + 3)) - (-9 + 2)?
-12
Calculate -5 - -10 - (10 + (1 - 8)).
2
What is (-6 - 3 - -2 - 2) + 0?
-9
Calculate -2 + 8 + -2 + -3 + -1 - 0.
0
(163 - 181) + 5 + 27
14
Evaluate (0 - (-6 + (2 - 4))) + 4.
12
3 - (-10 + (3 - (2 - -1)))
13
46 + -53 + (0 - (4 + -6))
-5
What is -90 - -87 - (9 + (-1 - -5))?
-16
What is (7 - (13 + -3 + -7 + 2)) + 4?
6
Calculate 0 + -20 - (24 - 29).
-15
What is the value of 0 - (-254 + 260 - (36 + 1))?
31
38 + -45 - ((4 - 8) + 3)
-6
Calculate 20 - ((5 - 4) + 4).
15
What is the value of -9 + (2 - 19) + 52?
26
What is the value of 33 + 27 + -54 - 6?
0
Evaluate 3 - -1 - (6 + (31 - 32)).
-1
56 - (42 + -15 + 8)
21
Calculate 26 - 0 - 0 - (682 + -671).
15
What is (-23 - -39) + (-2 - 1 - 4)?
9
Evaluate (-92 - -62) + (22 - 1) + 1 + 3.
-5
What is -8 - (-17 + 1) - 16?
-8
What is 11 - -10 - (58 + -56)?
19
What is -1 + 4 - (197 + -199)?
5
What is the value of 245 - 288 - (0 + -1 - 12)?
-30
What is the value of (-4 - -10 - (30 - 19)) + 28 + 0?
23
Calculate (10 - (-4 + (15 + -7 - 3))) + -3.
6
What is the value of -17 + 4 + (-8 - -29)?
8
-33 + 26 + -4 + 2
-9
Evaluate -11 - (8 + -21 + 9).
-7
Evaluate (785 - 792) + (0 - 3).
-10
(-41 - -77) + -41 + (1 - -20)
16
Calculate (-34 - -1) + (-54 - -72).
-15
What is the value of (-7 - -3) + (-6 + -2 - -1)?
-11
What is (-7 - 1 - (-3 - -3)) + 0?
-8
(1 - -5) + (-6 - (-14 + 16))
-2
-22 + -4 + 85 + -50
9
Calculate 33 + -101 + 39 - (2 + 3).
-34
What is (-4 - (-9 - -4)) + -1 - (-2 + -3)?
5
7 + (-8 - -9) + -11 + (-23 - 1)
-27
6 + -5 + 2 + 2
5
What is the value of (-50 - -2 - -40) + -5 + 2 + -1?
-12
Evaluate 5 - ((-15 - -46) + -20).
-6
What is the value of -4 + -1 + -6 + -19 + 30?
0
Calculate 51 + -56 - 29 - (-6 + (2 - 4)).
-26
19 + 6 + -3 + -8 + -4
10
Calculate 10 + -3 + 19 + -4 + -14.
8
What is the value of (-7 - -21 - (12 + -4)) + 1 + -18?
-11
-1 + (-1 - -3) + -1 + -2 + 7
5
Evaluate 1 - 2 - -1 - (-3 + -24 + 23).
4
Calculate -3 + (3 - -2) - 27 - (-3 + -3).
-19
What is 31 + 7 + (-24 - -12) + 0 - 11?
15
Calculate 8 + -7 + (11 - -2) + -9.
5
Evaluate -1 + 0 - -9 - (6 - 9).
11
What is 5 - (8 - (-18 - -21))?
0
-7 + 9 + 2 + (-2 - 1 - 4)
-3
Calculate 29 - (7 + 1) - 17.
4
What is the value of -2 - (14 - 6 - (-4 - -8))?
-6
What is (7 - (-7 - -15)) + -6?
-7
Evaluate -23 + 11 + 6 + 17 + (-1 - 2).
8
What is 10 + 0 + -6 + -24 + 6?
-14
What is -7 + -1 - ((-25 - -3) + 12 - -17)?
-15
11 + (19 - (0 + 32))
-2
Evaluate (9 - 18) + 0 + 6 - -12.
9
(-10 + 18 - (4 + -2 + 2)) + -5
-1
Evaluate -420 + 382 - (-26 - 1).
-11
What is the value of -5 + 179 + -160 + (1 - (6 - 1))?
10
What is (-14 - (1 + 0)) + (16 - (47 + -32))?
-14
Evaluate -8 - ((10 - 9) + 1).
-10
Calculate (-4 - 0) + 1 + 4 + 90 + -101.
-10
What is the value of (-7 + 0 - (-10 - -6)) + 1?
-2
Calculate 222 + -208 - (-1 - -3).
12
Calculate 15 + (-9 - (-13 + 9 - 4)).
14
Calculate (4 - 11 - -6) + (16 - 8).
7
Evaluate -76 + 59 + (17 - 4) + -4.
-8
What is the value of (-7 - -3) + -3 - (65 + -46)?
-26
(14 - 9 - -10) + -15
0
Evaluate -5 + (-5 - -1 - -5) - (5 + -1).
-8
28 - ((52 - 48) + (-1 - 0) + 5)
20
12 + (-24 - 0) + (-4 - -19)
3
What is the value of (10 - ((-10 - -21) + -1)) + 9?
9
Calculate -3 + 2 + -2 + 352 + -357.
-8
Calculate -8 + (0 - 2 - 1 - (-98 - -108)).
-21
Calculate 0 + -6 - (44 - 48).
-2
What is -21 - (-11 + 11) - -15?
-6
Calculate -57 - (-5 + -31) - (-12 - 3).
-6
Calculate 1 + (-4 - -2) + 0 - (0 - -3).
-4
What is the value of 18 - ((19 - 38) + 39)?
-2
What is the value of -26 + (-10 + 29 - -32)?
25
Evaluate -1 + -9 - (-20 - 8 - -21).
-3
What is the value of (-63 - 14) + -105 + 143?
-39
3 + (1 - (15 + -13)) + 21
23
11 + -47 + 18 + 14
-4
What is 148 + -129 + (-1 - 0 - (2 + 1))?
15
What is the value of 1 - 5 - (28 + -34) - (5 + -14)?
11
Evaluate 0 - 6 - (0 - 9 - -2).
1
Calculate -6 + -3 + -10 + 14 - 17.
-22
Evaluate -6 + (-15 - (-10 + 5 + -10 + 6)).
-12
Calculate 2 - 28 - ((-32 - -71) + -43).
-22
What is -7 - ((27 - 18) + -27)?
11
What is (-13 - 17) + 14 + 6?
-10
Calculate (5 - 4 - 9) + (-3 - (-3 + -4)).
-4
Calculate (-18 - -47) + -2 + -16.
11
What is 27 + -64 - -41 - -5?
9
-20 + (22 - 1) + 7
8
What is the value of -2 - (-3 - 4) - (-9 - (5 + -27))?
-8
What is the value of 1 + (-3 - -1) + -4?
-5
What is the value of 1 + 18 + (-52 - -59 - 14)?
12
Evaluate -21 + 1 + (-15 - -20) + (-46 - -44).
-17
Evaluate 3 + (-1 - (-1 + -2) - (-1 - -4)).
2
Calculate -4 - -36 - (-305 - -342).
-5
What is the value of -1 + 21 + (23 - -5) + -29?
19
What is (-53 - -11) + -5 + 17?
-30
What is -1 + -4 + 3 + (5 + -15 - -3)?
-9
What is the value of 24 - (-11 - -17) - -5?
23
What is 0 + 40 + 647 + -679?
8
Evaluate 0 + 4 - 5 - -8.
7
What is (-7 - 1) + (6 - 2) + -4?
-8
What is 226 - 218 - (3 + 24)?
-19
11 + (-11 - -6) + (-31 - -1)
-24
What is the value of -4 - (8 - (1 + 0))?
-11
(-3 - 2) + 6 + -4 + -7
-10
What is the value of -4 - (3 - 13) - (1 - (3 + -5))?
3
Calculate (-4 - (4 + -6 + 1) - -5) + -6.
-4
(3 - 0 - -11) + (-3 - (-11 + 10))
12
Evaluate (-6 - -1) + (-1 - (9 - 10)) - -7.
2
What is 10 + -7 + -4 - (6 - (-5 - -26))?
14
What is the value of -63 + 85 + (10 - 53)?
-21
Calculate -20 + 9 + 2 + -2 - -5.
-6
Calculate -76 - -90 - (-4 - -15 -